 + o = 3*n - 6*m, 2*m = -2. Determine p(n).
-6
Let r be -4 + 0 - (-24 + 14). Let b(g) = -g**3 + 7*g**2 - 6*g - 5. Determine b(r).
-5
Let l(j) = -j**3 - 3*j**2 + 2*j - 4. Let h be l(-4). Suppose h*m - m = 15. Suppose m*r + d - 15 = 0, -d - 8 = -3. Let o(v) = v**2 - 6*v + 6. What is o(r)?
-2
Let n(b) be the second derivative of -5*b**4/24 + b**3/6 + 3*b**2 - 6*b. Let w(c) be the first derivative of n(c). Determine w(-1).
6
Let f(a) = a + 4. Let p be f(2). Let l(s) be the third derivative of s**6/120 - s**5/12 - s**4/4 + s**3/2 - s**2. Give l(p).
3
Let q(z) be the third derivative of -z**6/360 - z**5/40 - z**4/24 + 3*z**3/2 + 5*z**2. Let x(r) be the first derivative of q(r). Let s = 5 + -8. Calculate x(s).
-1
Let f(s) = s**2 - 5*s + 3*s - 3*s. Let n(v) = v**2 + 6*v + 6. Let y be n(-4). Let g be (y + -1)/6*-10. Calculate f(g).
0
Let h(g) be the third derivative of -g**4/24 + g**3 + 6*g**2 + g. Calculate h(5).
1
Let n(y) = 3*y**2 - 10*y - 1. Let t be n(3). Let x(m) = -m. Calculate x(t).
4
Let o be -3 - (-7 + (0 - -4)). Let l(t) = -t**2 + 8. What is l(o)?
8
Let b(n) = n + 7. Let h(r) = r**3 + 4*r**2 + 3*r. Let z be h(-2). Suppose 0 = -z*p - 3 - 3. What is b(p)?
4
Let p(b) = -4*b - 7. Let h be p(-3). Let z(l) be the third derivative of -7/24*l**4 - 1/15*l**5 - 2*l**2 + 1/120*l**6 + 0*l + 0 + l**3. Give z(h).
-4
Let j(q) = 28*q - 19*q + 4 - 13*q. What is j(3)?
-8
Let w(r) = -r**3 + 5*r**2 - 4*r + 3. Let v be 24/84 - (-26)/7. What is w(v)?
3
Let g = -16 + 21. Let b(s) = 2*s - 7. Give b(g).
3
Suppose l = -5*g - l - 20, 2*g - 4*l + 8 = 0. Let t(n) = n + 1. Let s(r) = 4*r + 5. Let j(b) = -s(b) + 2*t(b). Calculate j(g).
5
Let o = -2 + 2. Let f(d) = -d + o*d + 2 - 5. Let y = 32 - 37. Determine f(y).
2
Let l(o) be the first derivative of 2 - 2*o**2 - 7/6*o**3 + 1/60*o**5 + 5/24*o**4 + 0*o. Let m(d) be the second derivative of l(d). Determine m(-6).
-1
Let d(q) = q**3 - 6*q**2 + 2*q - 4. Let c be d(6). Let r(n) = n**3 - 9*n**2 + 9*n - 3. What is r(c)?
5
Let v = -3 - -9. Let k be (2/v)/(10/(-90)). Let h(o) = -o + 4 + 5*o + o + 0*o + o**2. Determine h(k).
-2
Let j(h) = 2*h**2 - 2*h - 2. Let o(l) = 4*l + 0*l + 4 - 4*l**2 + 0*l - l**2. Let g(x) = -5*j(x) - 3*o(x). What is g(2)?
14
Let o(r) = 14*r**2 + 1. Suppose 0 = 5*c + 5*t - 0*t, 4*t + 6 = 2*c. Determine o(c).
15
Let c(d) = -d**3 - 3*d**2 + 4*d + 5. Suppose 3*s - 39 = 57. Suppose 7 + 21 = -5*z + 2*m, -4*m = -4*z - s. Calculate c(z).
5
Let s(w) = 4*w**3 + 2*w**2 - 4*w - 6. Let u(n) = -3*n**3 - n**2 + 3*n + 6. Let m(f) = -2*s(f) - 3*u(f). Let q be 1/2 + 1/(-2). What is m(q)?
-6
Let c = 11 + -8. Let w(t) = -t**3 + 3*t**2 - 2. Determine w(c).
-2
Let p(b) = 2*b**2 - 3*b. Let z be p(2). Let k be (-13)/5 - (-2)/(-5). Let j(q) = 3*q. Let g(w) = w**2 + 4*w - 1. Let y(x) = k*j(x) + 2*g(x). Give y(z).
4
Let u(a) be the second derivative of -a**5/10 + a**4/6 - a**3/6 + a**2/2 - a. Let w = 131 + -129. What is u(w)?
-9
Suppose 2*u = u - 1. Let c(y) be the first derivative of -5*y**4/4 + y**2/2 + y + 28. Calculate c(u).
5
Let f(d) = 7*d**2 + d. Let o(w) = -w**2 + 4*w + 1. Let q be o(5). Let r = q - -3. Let i be (3 - 2)/(-1)*r. Calculate f(i).
8
Let j(z) be the third derivative of -z**4/4 - z**2. Let f = 13 + -21. Let t(w) = -w - 9. Let b be t(f). What is j(b)?
6
Let n(i) = i - 5. Let u(c) = -c + 1. Let p(f) = -f**2 + 7*f + 3. Let y(z) = p(z) + 2*u(z). Let v be y(5). What is n(v)?
0
Suppose -6 = -6*v - 12. Let a(t) = -5*t + 4*t + 0*t + 8*t**3. Determine a(v).
-7
Let m(k) = 9*k**2 - 3*k**2 - 5*k**2 + 14*k + 10 - 3. Let w be m(-14). Let g(n) = n**3 - 6*n**2 - 8*n - 5. Give g(w).
-12
Let z(i) = 2*i**2 - 3*i - 3. Suppose v = 2, 3*q + 5 + 3 = v. Give z(q).
11
Let r(d) = -d**2 + 2*d - 1. Let c(j) = j**3 + 8*j**2 + 6*j - 6. Let o be c(-7). Determine r(o).
0
Let y(w) = -w**2 + w. Let b(u) = -4*u**2 + 6*u - 2. Let g(h) = -b(h) + 6*y(h). Determine g(2).
-6
Let t = -2 - -4. Let m be (-6)/4*-2 + t. Let d(g) = -2*g - 1. Determine d(m).
-11
Let o(p) be the third derivative of p**5/30 + 5*p**4/24 - p**3/2 - 3*p**2. Calculate o(-4).
9
Suppose 5*f - 8 = 12. Let y(k) = -4 - 3 + 2 - f*k + 3. Determine y(2).
-10
Let l(a) = -3*a**3 - 11*a**2 + 8*a - 26. Let f(b) = 2*b**3 + 7*b**2 - 5*b + 17. Let i(j) = -8*f(j) - 5*l(j). Determine i(0).
-6
Let j = -60 + 65. Suppose 4 = 3*f + v, 0*f + v = -2*f + 2. Let a(m) = -3*m + 0 - 2 - j + f. Calculate a(-4).
7
Let j(c) = c**3 + 3*c**2 + 2. Let t be j(-3). Let h(g) = -3 + 7*g**2 - 8*g**t + 4*g + 0*g. Give h(4).
-3
Let q(n) = 7 - 4 - 3 - n. Suppose f + h - 10 = -h, 4*f - 4*h = 4. Let k(a) = a - 2. Let y be k(f). Determine q(y).
-2
Let w(c) be the first derivative of -c**4/4 - c**2/2 - 1. Let n be (1 + -1)/(1 - -1). Suppose -5*m + m + 4 = n. Give w(m).
-2
Suppose 51*b - 48*b = 24. Let h(l) = l**2 - 7*l - 9. Give h(b).
-1
Let l(q) be the first derivative of -q**4/4 + 5*q**3/3 + q**2/2 - 7*q + 1. Let k(p) = 4*p + 9. Let w be k(-1). What is l(w)?
-2
Let u(x) be the third derivative of x**5/20 + 2*x**3/3 - 4*x**2. Let p(k) be the first derivative of u(k). Calculate p(1).
6
Let h(o) = -16 + 11 + 4*o + o - o**2. What is h(5)?
-5
Let q(p) = -68*p + 29*p + 33*p - p**2. Let d(o) = 5*o**2. Let h be d(-1). Suppose 14 = -5*z - 4*k - 4, -15 = 5*z + h*k. Calculate q(z).
0
Let n(m) = m + 5. Suppose 3*t = r, 4*r - 4*t + 26 = -5*t. Let p be n(r). Let l(h) = h - 3*h + h**2 + 0*h - 1 + h. Give l(p).
1
Let m(w) = -2*w + 1. Let q = -7 + 9. Let v be m(q). Let i(l) = l - 1. Determine i(v).
-4
Let k(y) = -4*y + 3*y + y + 9*y**2. What is k(-1)?
9
Let g(s) be the first derivative of -11/3*s**3 - 11 + 1/2*s**2 + 0*s. Determine g(-1).
-12
Let m(a) be the third derivative of -a**4/24 + a**3/3 - 2*a**2. Let w be (12/16)/((6/16)/1). What is m(w)?
0
Suppose -5*n + 61 = -2*v + 8, 3*n + 2*v = 19. Let h = n + -3. Let u(s) = 2*s - 5. Give u(h).
7
Let k(a) = -a**3 + 4*a**2 + 6*a - 7. Let o(y) = y**2 - 7*y + 8. Let p = -3 - -9. Let f be o(p). Suppose 15 = c + f*c. Calculate k(c).
-2
Suppose 4*g + 10 = -0*t + t, t = 3*g + 8. Let l = -2 + t. Let w(j) = j**2 - j + 1. Let n be w(l). Let m(o) = -7*o**2. Give m(n).
-7
Let c(y) be the third derivative of y**6/120 + 7*y**5/60 + y**4/4 - 5*y**3/6 + y**2. Let x be 13/11 + -1 - (-748)/(-121). What is c(x)?
-5
Let k(f) = -3*f - 1. Let d(n) = n**3 - 5 - n**2 + 2*n - 3*n**2 + 3 + 4. Let o = 3 + 0. Let y be d(o). Give k(y).
2
Let m(w) be the second derivative of w**7/2520 + w**6/120 + w**5/120 + w**4/2 - 7*w. Let n(s) be the third derivative of m(s). Calculate n(-6).
1
Let f(g) = 5*g**2 + 5*g - g**3 - 12 + 19 - 15. Let w = 4 - -2. Give f(w).
-14
Let x(q) = -3*q - 3. Let v(d) = 4*d + 4. Let h(p) = 2*v(p) + 3*x(p). Give h(1).
-2
Let t(m) be the second derivative of 5*m + 0 + 1/6*m**3 - 9/2*m**2. What is t(0)?
-9
Let z(b) = -4*b - 1. Let q(w) = -20*w - 6. Let n(y) = 2*q(y) - 11*z(y). Let i(p) = p**2 + 1. Let t be i(0). Determine n(t).
3
Let d(b) = b**2 + 6*b + 2. Let y be d(-6). Let l(c) = -c - 2*c + y*c. Give l(-5).
5
Suppose -2 = -3*t - 3*n + 4, -2*t + 2*n + 16 = 0. Let s = 7 - t. Let d(b) = b**2 - b + 1. Give d(s).
3
Let a(x) be the third derivative of 1/60*x**5 + 0*x + 1/3*x**3 - 3*x**2 + 0 + 1/12*x**4. Let j(b) = b**2 - 3*b - 2. Let t be j(3). Calculate a(t).
2
Suppose -2*i - 6 + 2 = 0. Let d(q) = q**3 - q**2 + 4*q. Let y(n) = 2*n**3 - 3*n**2 + 8*n - 1. Let v(k) = 7*d(k) - 3*y(k). Determine v(i).
-5
Let y(p) be the third derivative of p**5/60 - p**4/24 - p**3/6 + 2*p**2 - 3. Let h(r) = -r**3 + 5*r**2 + r - 5. Let c be h(5). Calculate y(c).
-1
Let t(q) = 3*q**2 - 6*q + 17. Let c(y) = 2*y**2 - 3*y + 9. Let f(d) = 5*c(d) - 3*t(d). Give f(-5).
4
Let q be 0 + -4 - 16/(-1). Suppose 7 = -j + q. Let a(t) be the third derivative of t**5/60 - t**4/8 - t**3/2 - t**2. What is a(j)?
7
Let i = -7 - -2. Let t(w) = 3 - w - 2 + 0*w + 1. Determine t(i).
7
Suppose 4*p = 2*v - 34, 0 = 4*v - 13 + 1. Let y(o) = -o - 7. Calculate y(p).
0
Let l(r) be the third derivative of r**7/2520 + r**6/360 + r**4/12 + 3*r**2. Let n(u) be the second derivative of l(u). Determine n(-3).
3
Let p(k) = k**2 + 3*k + 2. Let q(w) = -w**3 + 5*w**2 - 2*w + 4. Let r be q(5). Let d = r + 3. Give p(d).
2
Let d(i) be the third derivative of -i**6/120 + i**5/15 + i**4/12 - i**3/6 - 19*i**2. Give d(4).
7
Let z = -93/2 - -48. Let v(j) be the second derivative